7) in base 12?
114345
Convert 2511203 (base 7) to base 10.
322178
What is -8309144 (base 10) in base 2?
-11111101100100110011000
Convert -103411 (base 11) to base 8.
-503244
What is -26b7285 (base 12) in base 13?
-179a3bc
853674 (base 9) to base 13
14a271
Convert 10111110001101000 (base 2) to base 14.
276c0
Convert 51005443 (base 8) to base 11.
6083224
What is 3037175 (base 9) in base 15?
21eba8
What is -242122530 (base 7) in base 9?
-31336100
-2157b05 (base 13) to base 6
-1002144331
-57634715 (base 8) to base 12
-42444b9
What is 188196 (base 15) in base 14?
230445
-12110103213 (base 4) to base 15
-22aa29
Convert 2680059 (base 12) to base 4.
131013001011
Convert -d16b (base 16) to base 9.
-81477
What is 1381630 (base 13) in base 6?
340144014
What is -3333311 (base 10) in base 13?
-8c9297
15935 (base 13) to base 8
120227
Convert -1707051 (base 8) to base 13.
-1444b1
Convert 8475281 (base 9) to base 16.
453cbb
-322450521 (base 6) to base 16
-576e11
What is -111313021321 (base 4) in base 9?
-11704327
What is -10001010001101111100101 (base 2) in base 8?
-21215745
What is 55894 (base 13) in base 2?
100101111001111111
Convert -a3f3c (base 16) to base 3.
-1021010012011
-117583 (base 10) to base 9
-188257
What is -1000011000101011010 (base 2) in base 15?
-56638
What is 72174a (base 11) in base 8?
4327327
21cb9b (base 16) to base 3
11011112011001
What is 101231311 (base 4) in base 7?
421363
What is -1155653 (base 10) in base 9?
-2151228
19450 (base 13) to base 15
e81a
11370014 (base 8) to base 13
690898
Convert 1200310040 (base 6) to base 5.
11421232301
1503242 (base 6) to base 10
86282
What is 1b489 (base 12) in base 14?
10a37
What is 16594 (base 13) in base 6?
525421
-21222002012220 (base 3) to base 8
-20114366
What is 25152021 (base 7) in base 16?
228f0c
What is 532e2 (base 15) in base 11?
170310
65152026 (base 7) to base 12
1a41039
Convert -5443101 (base 7) to base 12.
-281610
Convert -10000000110001010 (base 2) to base 7.
-363134
What is -56692 (base 10) in base 8?
-156564
11110221221 (base 3) to base 7
515041
Convert -4020121 (base 6) to base 4.
-232031101
Convert -17380b (base 15) to base 7.
-12365612
Convert -5c47c (base 13) to base 6.
-3350444
Convert -1981d4 (base 16) to base 12.
-687470
d9b3a (base 15) to base 5
134103110
Convert 34737625 (base 8) to base 15.
9ec925
22220122 (base 5) to base 16
2f9dd
What is -996773 (base 10) in base 14?
-1bd381
Convert 3013323231 (base 4) to base 2.
11000111111011101101
Convert -2010101111102 (base 3) to base 14.
-215927
-1243233 (base 5) to base 16
-60f2
Convert 16c0b2 (base 13) to base 16.
8af50
Convert 11100111000100110 (base 2) to base 11.
80985
1210123001 (base 4) to base 8
1443301
Convert -411122 (base 9) to base 2.
-111011011110000011
What is 20101103231 (base 4) in base 15?
2cc5b5
What is 10000001101110110101 (base 2) in base 15?
a76a6
Convert -359070 (base 14) to base 6.
-103121454
Convert 1464ab5 (base 13) to base 3.
110012221001112
200033233 (base 4) to base 5
13211304
1333321010 (base 4) to base 5
113230334
What is -1000020222120 (base 3) in base 13?
-15a299
Convert -10786774 (base 9) to base 4.
-110002222300
11350 (base 15) to base 7
315423
Convert 425400 (base 7) to base 16.
120d5
What is -1a79628 (base 12) in base 5?
-2420322104
What is 724313 (base 15) in base 9?
11187020
727105 (base 10) to base 8
2614101
180a745 (base 11) to base 2
1011101110100001111111
What is 11201202020212 (base 3) in base 14?
496518
Convert -101133331 (base 4) to base 9.
-118281
What is -24151156 (base 7) in base 16?
-20c26f
What is -11011100100100011110 (base 2) in base 8?
-3344436
Convert -5123444 (base 6) to base 2.
-111011101011110100
Convert -d5666 (base 14) to base 6.
-15005242
-22a58a (base 11) to base 7
-3051204
Convert 1c894 (base 15) to base 13.
3348a
493982 (base 11) to base 12
318075
What is 120110201001 (base 3) in base 13?
a87a8
What is -1011143410 (base 5) in base 7?
-23310236
What is -140806a (base 15) in base 13?
-2cc16b5
What is 2544639 (base 12) in base 2?
11011110111111010001101
What is c8806 (base 14) in base 15?
98863
-1041115141 (base 6) to base 9
-23153007
938924 (base 10) to base 2
11100101001110101100
-17921a (base 11) to base 16
-43544
-1531850 (base 10) to base 4
-11311333022
What is 2c2ad (base 16) in base 11?
113a13
What is -11001101001011000101 (base 2) in base 4?
-3031023011
2012100112 (base 3) to base 2
1010100100000100
10111000010111011 (base 2) to base 12
46763
Convert -410345 (base 6) to base 7.
-163601
220011121100 (base 3) to base 8
1641145
Convert -6a9aa (base 13) to base 12.
-94a19
Convert 1303866 (base 10) to base 8.
4762472
2c549 (base 15) to base 8
427140
-200021232 (base 5) to base 14
-165348
-1011010101010110011 (base 2) to base 16
-5aab3
Convert -96a7 (base 15) to base 9.
-47654
What is 22175a (base 11) in base 4?
1112111123
Convert -1c3188 (base 15) to base 11.
-86090a
What is 3334314 (base 9) in base 8?
6660425
-1021201102002 (base 3) to base 13
-1ac081
Convert -1ec0db (base 15) to base 16.
-1705df
-7911140 (base 10) to base 12
-2796258
What is 121033314 (base 5) in base 14?
109bb4
What is 2462235 (base 7) in base 16?
4d92e
303250210 (base 6) to base 4
103311300132
What is 11011101111001100011 (base 2) in base 15?
12e484
What is -102111221211 (base 3) in base 13?
-7c246
12302461 (base 8) to base 7
32062105
What is 682819 (base 10) in base 4?
2212231003
Convert 3323234 (base 5) to base 3.
2221111002
What is -8a4773 (base 11) in base 4?
-11133310231
22222220301 (base 4) to base 3
12021001111120
-131131120 (base 4) to base 6
-2330344
What is -112001323 (base 4) in base 14?
-24c55
-1707339 (base 11) to base 16
-2c61e0
152501443 (base 6) to base 10
3211875
Convert -1101330300 (base 4) to base 15.
-696c9
2200250 (base 6) to base 11
74960
What is -42420544 (base 6) in base 10?
-1246960
Convert 100010010010000101 (base 2) to base 9.
233553
What is -340326 (base 7) in base 3?
-10001120100
Convert 1573113 (base 11) to base 5.
1141332211
Convert -8834 (base 10) to base 9.
-13105
Convert 2000120222 (base 3) to base 10.
39797
Convert -462314 (base 9) to base 14.
-73096
Convert -85b4a (base 15) to base 13.
-11b249
Convert 1043ad (base 15) to base 5.
144224323
-258124 (base 13) to base 16
-dc7fe
12112120122012 (base 3) to base 13
7c1114
Convert 841834 (base 11) to base 7.
14316562
-12022111000 (base 3) to base 8
-314226
-45a57 (base 13) to base 14
-343cb
-242316 (base 8) to base 9
-136048
What is -2000210110220 (base 3) in base 10?
-1078539
250090 (base 10) to base 13
89aa9
Convert -4153213 (base 6) to base 2.
-110001001110001001
535531 (base 8) to base 9
302525
1535055 (base 7) to base 10
210642
What is -3032161 (base 11) in base 8?
-24347460
What is -1010301320 (base 4) in base 6?
-10012132
Convert 12111220220 (base 3) to base 5.
11433224
What is -ed983 (base 16) in base 8?
-3554603
-31541521 (base 6) to base 13
-267967
Convert 34c72 (base 13) to base 14.
272b6
Convert -37b962b (base 12) to base 7.
-162011435
What is -53a74 (base 12) in base 8?
-327470
What is 2711a (base 12) in base 14?
15822
309c53 (base 14) to base 10
1640593
Convert -30006 (base 9) to base 4.
-10303221
Convert -1a51739 (base 11) to base 2.
-1101001100000111011000
What is -123411002 (base 5) in base 14?
-11b2d4
Convert 52875 (base 15) to base 2.
111111111010011001
What is -22212201122 (base 3) in base 11?
-10a334
What is 30110 (base 15) in base 2?
100101001000110011
Convert 19990d (base 16) to base 4.
12121210031
-311204022 (base 5) to base 14
-2519ab
Convert 1262391 (base 11) to base 4.
20111112322
5a293 (base 14) to base 5
24020131
-140907 (base 10) to base 12
-69663
100110011211210 (base 3) to base 8
23121750
Convert -15445606 (base 7) to base 12.
-5ba777
-3433415 (base 7) to base 11
-273030
What is 24440020 (base 6) in base 3?
1110202210110
Convert 4205410 (base 8) to base 2.
100010000101100001000
Convert 101101011110000000010001 (base 2) to base 11.
6801228
Convert 533050 (base 10) to base 2.
10000010001000111010
What is 62134130 (base 7) in base 13?
1101a16
-200252510 (base 6) to base 9
-6324056
-216736 (base 13) to base 14
-1663d3
Convert -401ef (base 16) to base 12.
-107ba7
Convert ac53 (base 13) to base 15.
71e6
What is 1a3576 (base 11) in base 5?
34442032
-321132311 (base 4) to base 5
-30013240
Conv